{"id":971,"date":"2019-11-27T14:28:15","date_gmt":"2019-11-27T14:28:15","guid":{"rendered":"http:\/\/bajuwaren-laden.de\/?post_type=product&#038;p=971"},"modified":"2022-02-04T12:55:45","modified_gmt":"2022-02-04T12:55:45","slug":"henna","status":"publish","type":"product","link":"https:\/\/bajuwaren-laden.de\/?product=henna","title":{"rendered":"Henna"},"content":{"rendered":"<p>Henna ist ein roter Farbstoff, der in den Bl\u00e4ttern des Hennastrauchs steckt. Die Bl\u00e4tter werden getrocknet, zu Pulver zerrieben und mit Wasser zu gr\u00fcnem Brei verwandelt sich auf der Haut in leuchtend rote Farbe. Schon die alten \u00c4gypter hatten wahre Freude daran, ihre H\u00e4nde, Arme und F\u00fc\u00dfe damit kunstvoll zu bemalen. Auch f\u00fcr feuerrotes Haar hielt Henna her. Die R\u00f6merrinnen haben dem Pflanzenpulver noch K\u00e4lberblut und zerdr\u00fcckte Kaulquappen beigemischt, um so ihren Lieblingston zu gewinnen. Die Germanen und Kelten kannten Henna nicht. Allerdings schmierten sich die Pikten und Gallier vor dem Krieg manchmal blaue Farbe ins Gesicht. Damit wollten sie ihre Feinde erschrecken. Bis heute malen sich viele Menschen in Nordafrika und im Nahen Osten gern feine Ornamente auf ihren K\u00f6rper. Diese kunstvollen Henna-Tattoos nennt man \u201eMehndi\u201c. Im Unterschied zu echten T\u00e4towierungen haben sie den Vorteil, dass sie nach zwei bis drei Wochen wieder verschwinden.<\/p>\n","protected":false},"excerpt":{"rendered":"<p>Henna braucht zum Gedeihen viel Licht und W\u00e4rme. Die Bl\u00e4tter werden aus dem Mittelmeerraum importiert und hat einige Wochen Lieferzeit.<\/p>\n","protected":false},"featured_media":1897,"comment_status":"closed","ping_status":"closed","template":"","meta":[],"product_brand":[],"product_cat":[208,207],"product_tag":[210,211,212,209,70,94],"class_list":{"0":"post-971","1":"product","2":"type-product","3":"status-publish","4":"has-post-thumbnail","6":"product_cat-henna","7":"product_cat-koerperpflege","8":"product_tag-aegypten","9":"product_tag-haare","10":"product_tag-haut","11":"product_tag-henna","12":"product_tag-roemer","13":"product_tag-rot","15":"first","16":"instock","17":"taxable","18":"shipping-taxable","19":"purchasable","20":"product-type-simple"},"_links":{"self":[{"href":"https:\/\/bajuwaren-laden.de\/index.php?rest_route=\/wp\/v2\/product\/971","targetHints":{"allow":["GET"]}}],"collection":[{"href":"https:\/\/bajuwaren-laden.de\/index.php?rest_route=\/wp\/v2\/product"}],"about":[{"href":"https:\/\/bajuwaren-laden.de\/index.php?rest_route=\/wp\/v2\/types\/product"}],"replies":[{"embeddable":true,"href":"https:\/\/bajuwaren-laden.de\/index.php?rest_route=%2Fwp%2Fv2%2Fcomments&post=971"}],"wp:featuredmedia":[{"embeddable":true,"href":"https:\/\/bajuwaren-laden.de\/index.php?rest_route=\/wp\/v2\/media\/1897"}],"wp:attachment":[{"href":"https:\/\/bajuwaren-laden.de\/index.php?rest_route=%2Fwp%2Fv2%2Fmedia&parent=971"}],"wp:term":[{"taxonomy":"product_brand","embeddable":true,"href":"https:\/\/bajuwaren-laden.de\/index.php?rest_route=%2Fwp%2Fv2%2Fproduct_brand&post=971"},{"taxonomy":"product_cat","embeddable":true,"href":"https:\/\/bajuwaren-laden.de\/index.php?rest_route=%2Fwp%2Fv2%2Fproduct_cat&post=971"},{"taxonomy":"product_tag","embeddable":true,"href":"https:\/\/bajuwaren-laden.de\/index.php?rest_route=%2Fwp%2Fv2%2Fproduct_tag&post=971"}],"curies":[{"name":"wp","href":"https:\/\/api.w.org\/{rel}","templated":true}]}}