{"id":934,"date":"2019-11-25T14:16:40","date_gmt":"2019-11-25T14:16:40","guid":{"rendered":"http:\/\/bajuwaren-laden.de\/?post_type=product&#038;p=934"},"modified":"2022-02-04T12:57:51","modified_gmt":"2022-02-04T12:57:51","slug":"trinkhorn-cornu-urii","status":"publish","type":"product","link":"https:\/\/bajuwaren-laden.de\/?product=trinkhorn-cornu-urii","title":{"rendered":"Trinkhorn (cornu urii)"},"content":{"rendered":"<p>Die R\u00f6mer lachten sich schier kaputt, als sie diese seltsamen Trinkgef\u00e4\u00dfe der Germanen das erste mal sahen. Julius Caesar schildert in seinem Buch &#8222;De bello Gallico&#8220;, wie die jungen germanischen M\u00e4nner wilde Auerochsen jagten und deren H\u00f6rner dann als Jagdtroph\u00e4e pr\u00e4sentierten. Dann h\u00e4tten die Jungs die H\u00f6rner mit einem schicken Silberrand aufgepeppt und beim Festmahl stolz daraus getrunken. Auch bei Opferzeremonien oder beim Willkommenstrunk kamen die H\u00f6rner zum Einsatz. R\u00f6mische Legion\u00e4re haben diese ulkigen Trinkgef\u00e4\u00dfe gern als Souvenir mit nach Hause gebracht. Bestimmt haben sie dann zur allgemeinen Belustigung gleich noch vorgef\u00fchrt, wie man daraus trank: Met oder Bier, die Lieblingsdrinks der Germanen, wurden in einem Sturz in den Mund gekippt und auf ex getrunken. Denn Abstellen lie\u00df sich das krumme Horn nicht. Vielleicht haben die R\u00f6mer die Germanen nicht zuletzt wegen ihrer \u201eSturzbecher\u201c als \u201eS\u00e4ufer\u201c verlacht.<\/p>\n","protected":false},"excerpt":{"rendered":"<p>Sofort lieferbar<\/p>\n","protected":false},"featured_media":1890,"comment_status":"closed","ping_status":"closed","template":"","meta":[],"product_brand":[],"product_cat":[15,201],"product_tag":[243,67,244,203,202],"class_list":{"0":"post-934","1":"product","2":"type-product","3":"status-publish","4":"has-post-thumbnail","6":"product_cat-unkategorisiert","7":"product_cat-trinkhorn","8":"product_tag-betrunken","9":"product_tag-germanen","10":"product_tag-kater","11":"product_tag-sturztrunk","12":"product_tag-trinkhorn","14":"first","15":"instock","16":"taxable","17":"shipping-taxable","18":"purchasable","19":"product-type-simple"},"_links":{"self":[{"href":"https:\/\/bajuwaren-laden.de\/index.php?rest_route=\/wp\/v2\/product\/934","targetHints":{"allow":["GET"]}}],"collection":[{"href":"https:\/\/bajuwaren-laden.de\/index.php?rest_route=\/wp\/v2\/product"}],"about":[{"href":"https:\/\/bajuwaren-laden.de\/index.php?rest_route=\/wp\/v2\/types\/product"}],"replies":[{"embeddable":true,"href":"https:\/\/bajuwaren-laden.de\/index.php?rest_route=%2Fwp%2Fv2%2Fcomments&post=934"}],"wp:featuredmedia":[{"embeddable":true,"href":"https:\/\/bajuwaren-laden.de\/index.php?rest_route=\/wp\/v2\/media\/1890"}],"wp:attachment":[{"href":"https:\/\/bajuwaren-laden.de\/index.php?rest_route=%2Fwp%2Fv2%2Fmedia&parent=934"}],"wp:term":[{"taxonomy":"product_brand","embeddable":true,"href":"https:\/\/bajuwaren-laden.de\/index.php?rest_route=%2Fwp%2Fv2%2Fproduct_brand&post=934"},{"taxonomy":"product_cat","embeddable":true,"href":"https:\/\/bajuwaren-laden.de\/index.php?rest_route=%2Fwp%2Fv2%2Fproduct_cat&post=934"},{"taxonomy":"product_tag","embeddable":true,"href":"https:\/\/bajuwaren-laden.de\/index.php?rest_route=%2Fwp%2Fv2%2Fproduct_tag&post=934"}],"curies":[{"name":"wp","href":"https:\/\/api.w.org\/{rel}","templated":true}]}}