{"id":550,"date":"2019-10-07T12:18:17","date_gmt":"2019-10-07T12:18:17","guid":{"rendered":"http:\/\/bajuwaren-laden.de\/?post_type=product&#038;p=550"},"modified":"2022-02-04T13:09:14","modified_gmt":"2022-02-04T13:09:14","slug":"produkt-6-a","status":"publish","type":"product","link":"https:\/\/bajuwaren-laden.de\/?product=produkt-6-a","title":{"rendered":"F\u00e4rberwaid (isatis tinctoria)"},"content":{"rendered":"<p>Weid geh\u00f6rt zu den \u00e4ltesten F\u00e4rbepflanzen Europas. Schon die Menschen der Eisenzeit wussten, dass sie mit dem gelbbl\u00fchenden Kraut ihre Kleider f\u00e4rben k\u00f6nnen. Allerdings wurden die Kleider dann nicht etwa gelb, sondern blau, bzw. waidblau, wie es auch hei\u00dft. Um die Farbe zu gewinnen, haben die Bauern die angewelkten Bl\u00e4tter zun\u00e4chst zu Mus zerquetscht. Aus der Masse formten sie faustgrosse B\u00e4lle, die auf den Markt kamen. Um Waidpulver herzustellen, wurde den getrockneten Ballen Wasser und Urin zugesetzt, was furchtbar gestunken haben muss. Ob unsere Vorfahren manchmal direkt in die Bottiche gepieselt haben, um die Farbproduktion anzukurbeln, ist leider nicht \u00fcberliefert.<\/p>\n","protected":false},"excerpt":{"rendered":"<p>Sofort lieferbar. Urin ist nicht im Lieferumfang enthalten<\/p>\n","protected":false},"featured_media":1878,"comment_status":"closed","ping_status":"closed","template":"","meta":[],"product_brand":[],"product_cat":[82,80,81],"product_tag":[237,85,83,236,67,84,70,180,86],"class_list":{"0":"post-550","1":"product","2":"type-product","3":"status-publish","4":"has-post-thumbnail","6":"product_cat-faerberwaid","7":"product_cat-naturprodukte","8":"product_cat-rohstoffe","9":"product_tag-blau","10":"product_tag-farbe","11":"product_tag-faerberwaid","12":"product_tag-gelb","13":"product_tag-germanen","14":"product_tag-naturprodukt","15":"product_tag-roemer","16":"product_tag-tunika","17":"product_tag-urin","19":"first","20":"instock","21":"downloadable","22":"virtual","23":"sold-individually","24":"taxable","25":"purchasable","26":"product-type-simple"},"_links":{"self":[{"href":"https:\/\/bajuwaren-laden.de\/index.php?rest_route=\/wp\/v2\/product\/550","targetHints":{"allow":["GET"]}}],"collection":[{"href":"https:\/\/bajuwaren-laden.de\/index.php?rest_route=\/wp\/v2\/product"}],"about":[{"href":"https:\/\/bajuwaren-laden.de\/index.php?rest_route=\/wp\/v2\/types\/product"}],"replies":[{"embeddable":true,"href":"https:\/\/bajuwaren-laden.de\/index.php?rest_route=%2Fwp%2Fv2%2Fcomments&post=550"}],"wp:featuredmedia":[{"embeddable":true,"href":"https:\/\/bajuwaren-laden.de\/index.php?rest_route=\/wp\/v2\/media\/1878"}],"wp:attachment":[{"href":"https:\/\/bajuwaren-laden.de\/index.php?rest_route=%2Fwp%2Fv2%2Fmedia&parent=550"}],"wp:term":[{"taxonomy":"product_brand","embeddable":true,"href":"https:\/\/bajuwaren-laden.de\/index.php?rest_route=%2Fwp%2Fv2%2Fproduct_brand&post=550"},{"taxonomy":"product_cat","embeddable":true,"href":"https:\/\/bajuwaren-laden.de\/index.php?rest_route=%2Fwp%2Fv2%2Fproduct_cat&post=550"},{"taxonomy":"product_tag","embeddable":true,"href":"https:\/\/bajuwaren-laden.de\/index.php?rest_route=%2Fwp%2Fv2%2Fproduct_tag&post=550"}],"curies":[{"name":"wp","href":"https:\/\/api.w.org\/{rel}","templated":true}]}}