{"id":547,"date":"2019-10-07T12:16:26","date_gmt":"2019-10-07T12:16:26","guid":{"rendered":"http:\/\/bajuwaren-laden.de\/?post_type=product&#038;p=547"},"modified":"2022-02-04T13:10:06","modified_gmt":"2022-02-04T13:10:06","slug":"produkt-6-b","status":"publish","type":"product","link":"https:\/\/bajuwaren-laden.de\/?product=produkt-6-b","title":{"rendered":"Weihrauch"},"content":{"rendered":"<p>Weihrauch ist ein Gummiharz. Es wird aus dem in Ostafrika und Arabien wachsenden Weihrauchbaum (Boswellia) gewonnen. Wie? Man zapft den Baumstamm an. Nach kurzer Zeit tritt aus der &#8222;Wunde&#8220; eine milchige Fl\u00fcssigkeit aus. Diese trocknet an der Luft zu einem honiggelben Gummiharz ein. Wird das Harz verbrannt, entwickelt sich ein aromatisch duftender Rauch. Fast alle Religionen und Kulturen nutzten diesen Weihrauch f\u00fcr kultische Zwecke: Die \u00c4gypter haben ihre Mumien mit Weihrauch einbalsamiert. Die R\u00f6mer brachten ihren G\u00f6ttern Rauchopfer dar. Zugleich dampften sie mit dem desinfizierenden Rauch aber auch ihre stinkenden Kloaken aus. In der christlichen Kirche gilt Weihrauch als Zeichen der Gegenwart Gottes.<\/p>\n","protected":false},"excerpt":{"rendered":"<p>\u00dcber die Weihrauchstra\u00dfe von S\u00fcdarabien zum Mittelmeer und dann \u00fcber den Seeweg gelangt der Weihrauch aus seinem Ursprungsland Dhofar im heutigen Oman zu uns. Das kann einige Wochen bis Monate dauern.<\/p>\n","protected":false},"featured_media":1876,"comment_status":"open","ping_status":"closed","template":"","meta":[],"product_brand":[],"product_cat":[80,95],"product_tag":[133,259,114,84,70,97,117,96],"class_list":{"0":"post-547","1":"product","2":"type-product","3":"status-publish","4":"has-post-thumbnail","6":"product_cat-naturprodukte","7":"product_cat-weihrauch","8":"product_tag-duftoel","9":"product_tag-fortuna","10":"product_tag-goetter","11":"product_tag-naturprodukt","12":"product_tag-roemer","13":"product_tag-tempel","14":"product_tag-therme","15":"product_tag-weihrauch","17":"first","18":"instock","19":"downloadable","20":"virtual","21":"sold-individually","22":"taxable","23":"purchasable","24":"product-type-simple"},"_links":{"self":[{"href":"https:\/\/bajuwaren-laden.de\/index.php?rest_route=\/wp\/v2\/product\/547","targetHints":{"allow":["GET"]}}],"collection":[{"href":"https:\/\/bajuwaren-laden.de\/index.php?rest_route=\/wp\/v2\/product"}],"about":[{"href":"https:\/\/bajuwaren-laden.de\/index.php?rest_route=\/wp\/v2\/types\/product"}],"replies":[{"embeddable":true,"href":"https:\/\/bajuwaren-laden.de\/index.php?rest_route=%2Fwp%2Fv2%2Fcomments&post=547"}],"wp:featuredmedia":[{"embeddable":true,"href":"https:\/\/bajuwaren-laden.de\/index.php?rest_route=\/wp\/v2\/media\/1876"}],"wp:attachment":[{"href":"https:\/\/bajuwaren-laden.de\/index.php?rest_route=%2Fwp%2Fv2%2Fmedia&parent=547"}],"wp:term":[{"taxonomy":"product_brand","embeddable":true,"href":"https:\/\/bajuwaren-laden.de\/index.php?rest_route=%2Fwp%2Fv2%2Fproduct_brand&post=547"},{"taxonomy":"product_cat","embeddable":true,"href":"https:\/\/bajuwaren-laden.de\/index.php?rest_route=%2Fwp%2Fv2%2Fproduct_cat&post=547"},{"taxonomy":"product_tag","embeddable":true,"href":"https:\/\/bajuwaren-laden.de\/index.php?rest_route=%2Fwp%2Fv2%2Fproduct_tag&post=547"}],"curies":[{"name":"wp","href":"https:\/\/api.w.org\/{rel}","templated":true}]}}