{"id":541,"date":"2019-10-07T12:13:20","date_gmt":"2019-10-07T12:13:20","guid":{"rendered":"http:\/\/bajuwaren-laden.de\/?post_type=product&#038;p=541"},"modified":"2022-02-04T13:13:32","modified_gmt":"2022-02-04T13:13:32","slug":"produkt-5-c","status":"publish","type":"product","link":"https:\/\/bajuwaren-laden.de\/?product=produkt-5-c","title":{"rendered":"Spanischer Pfeffer (capsicum annuum)"},"content":{"rendered":"<p>Fake! Denn erst die Ur-Ur-Ur\u2026-Enkel der R\u00f6mer konnten diese kleinen Paprikaschoten naschen. Christof Columbus entdeckte die scharfen Fr\u00fcchtchen 1492 bei seinen Expeditionen im mittleren S\u00fcdamerika, wo sie schon seit tausenden von Jahren ein Grundnahrungsmittel der Ureinwohner waren. Mit Columbus kamen die ersten Fr\u00fcchte nach Spanien. Dort hat man sie unter dem Namen \u201eSpanischer Pfeffer\u201c angebaut. Durch Z\u00fcchtung entstanden \u00fcber 1.000 verschiedene Sorten. Mittlerweile gibt es rote, gelbe, gr\u00fcne, ja sogar schwarze Paprika. Einige Schoten sind lang und d\u00fcnn, andere wiederum kugelrund wie Kirschen. Zu den besonders &#8222;hei\u00dfen&#8220; Sorten geh\u00f6ren Peperoni und Jalape\u00f1o. Sie sind so scharf, dass es Euch beim Essen den Schwei\u00df auf die Stirn treibt. Ein beliebtes Gew\u00fcrz ist Paprikapulver. Um es herzustellen, werden die roten Schoten getrocknet und zermahlen.<\/p>\n","protected":false},"excerpt":{"rendered":"<p>Im 16 Jh. vorr\u00e4tig<\/p>\n","protected":false},"featured_media":1857,"comment_status":"open","ping_status":"closed","template":"","meta":[],"product_brand":[],"product_cat":[64],"product_tag":[71,120,60,279,122,121],"class_list":{"0":"post-541","1":"product","2":"type-product","3":"status-publish","4":"has-post-thumbnail","6":"product_cat-gewuerze","7":"product_tag-amerika","8":"product_tag-chili","9":"product_tag-gewuerz","10":"product_tag-paprika","11":"product_tag-scharf","12":"product_tag-spanischer-pfeffer","14":"first","15":"onbackorder","16":"downloadable","17":"virtual","18":"sold-individually","19":"taxable","20":"purchasable","21":"product-type-simple"},"_links":{"self":[{"href":"https:\/\/bajuwaren-laden.de\/index.php?rest_route=\/wp\/v2\/product\/541","targetHints":{"allow":["GET"]}}],"collection":[{"href":"https:\/\/bajuwaren-laden.de\/index.php?rest_route=\/wp\/v2\/product"}],"about":[{"href":"https:\/\/bajuwaren-laden.de\/index.php?rest_route=\/wp\/v2\/types\/product"}],"replies":[{"embeddable":true,"href":"https:\/\/bajuwaren-laden.de\/index.php?rest_route=%2Fwp%2Fv2%2Fcomments&post=541"}],"wp:featuredmedia":[{"embeddable":true,"href":"https:\/\/bajuwaren-laden.de\/index.php?rest_route=\/wp\/v2\/media\/1857"}],"wp:attachment":[{"href":"https:\/\/bajuwaren-laden.de\/index.php?rest_route=%2Fwp%2Fv2%2Fmedia&parent=541"}],"wp:term":[{"taxonomy":"product_brand","embeddable":true,"href":"https:\/\/bajuwaren-laden.de\/index.php?rest_route=%2Fwp%2Fv2%2Fproduct_brand&post=541"},{"taxonomy":"product_cat","embeddable":true,"href":"https:\/\/bajuwaren-laden.de\/index.php?rest_route=%2Fwp%2Fv2%2Fproduct_cat&post=541"},{"taxonomy":"product_tag","embeddable":true,"href":"https:\/\/bajuwaren-laden.de\/index.php?rest_route=%2Fwp%2Fv2%2Fproduct_tag&post=541"}],"curies":[{"name":"wp","href":"https:\/\/api.w.org\/{rel}","templated":true}]}}