{"id":469,"date":"2019-10-10T08:49:22","date_gmt":"2019-10-10T08:49:22","guid":{"rendered":"http:\/\/bajuwaren-laden.de\/?post_type=product&#038;p=469"},"modified":"2022-02-04T13:08:03","modified_gmt":"2022-02-04T13:08:03","slug":"knoblauch","status":"publish","type":"product","link":"https:\/\/bajuwaren-laden.de\/?product=knoblauch","title":{"rendered":"Knoblauch (allium sativum)"},"content":{"rendered":"<p>Hate it or love it \u2013 angeblich durften die Griechen mit einer Knoblauchfahne nicht in den Tempel, weil die G\u00f6tter den Gestank nicht ertrugen. Auch reiche R\u00f6mer haben beim Knoblauch die Nase ger\u00fcmpft. Das einfachen R\u00f6mervolk hingegen sch\u00e4tzte die Knolle. Sehr beliebt war Moretum, ein Frischk\u00e4seaufstrich, der vor Knoblauch triefte. Nat\u00fcrlich wussten die R\u00f6mer auch, dass Knoblauch gesund ist und au\u00dferdem Kraft verleiht.\u00a0 Daher warfen die Gladiatoren vor dem Wettkampf einige Knoblauchzehen als \u201eDoping-Mittel&#8220; ein. Sogar Kampfh\u00e4hne hat man mit den Wunderzehen gef\u00fcttert, bevor sie in der Arena aufeinander losgingen. Knoblauch fand schon fr\u00fch in der Geschichte seinen Weg nach Germanien. Die Begeisterung der Germanen f\u00fcr die Wunderknolle war bald so gro\u00df, dass die vornehmen R\u00f6mer sie nun ihrerseits als &#8222;Knoblauchstinker&#8220; verspottet haben.<\/p>\n","protected":false},"excerpt":{"rendered":"<p>In wenigen Wochen lieferbar.<\/p>\n","protected":false},"featured_media":1823,"comment_status":"open","ping_status":"closed","template":"","meta":[],"product_brand":[],"product_cat":[64],"product_tag":[256,167,60,111,62,72],"class_list":{"0":"post-469","1":"product","2":"type-product","3":"status-publish","4":"has-post-thumbnail","6":"product_cat-gewuerze","7":"product_tag-brotaufstrich","8":"product_tag-doping","9":"product_tag-gewuerz","10":"product_tag-heilpflanze","11":"product_tag-knoblauch","12":"product_tag-moretum","14":"first","15":"instock","16":"taxable","17":"shipping-taxable","18":"purchasable","19":"product-type-simple"},"_links":{"self":[{"href":"https:\/\/bajuwaren-laden.de\/index.php?rest_route=\/wp\/v2\/product\/469","targetHints":{"allow":["GET"]}}],"collection":[{"href":"https:\/\/bajuwaren-laden.de\/index.php?rest_route=\/wp\/v2\/product"}],"about":[{"href":"https:\/\/bajuwaren-laden.de\/index.php?rest_route=\/wp\/v2\/types\/product"}],"replies":[{"embeddable":true,"href":"https:\/\/bajuwaren-laden.de\/index.php?rest_route=%2Fwp%2Fv2%2Fcomments&post=469"}],"wp:featuredmedia":[{"embeddable":true,"href":"https:\/\/bajuwaren-laden.de\/index.php?rest_route=\/wp\/v2\/media\/1823"}],"wp:attachment":[{"href":"https:\/\/bajuwaren-laden.de\/index.php?rest_route=%2Fwp%2Fv2%2Fmedia&parent=469"}],"wp:term":[{"taxonomy":"product_brand","embeddable":true,"href":"https:\/\/bajuwaren-laden.de\/index.php?rest_route=%2Fwp%2Fv2%2Fproduct_brand&post=469"},{"taxonomy":"product_cat","embeddable":true,"href":"https:\/\/bajuwaren-laden.de\/index.php?rest_route=%2Fwp%2Fv2%2Fproduct_cat&post=469"},{"taxonomy":"product_tag","embeddable":true,"href":"https:\/\/bajuwaren-laden.de\/index.php?rest_route=%2Fwp%2Fv2%2Fproduct_tag&post=469"}],"curies":[{"name":"wp","href":"https:\/\/api.w.org\/{rel}","templated":true}]}}