{"id":460,"date":"2019-09-11T12:44:38","date_gmt":"2019-09-11T12:44:38","guid":{"rendered":"http:\/\/bajuwaren-laden.de\/?post_type=product&#038;p=460"},"modified":"2022-02-04T14:00:24","modified_gmt":"2022-02-04T14:00:24","slug":"dattel","status":"publish","type":"product","link":"https:\/\/bajuwaren-laden.de\/?product=dattel","title":{"rendered":"Dattel (phoenix dactylifera)"},"content":{"rendered":"<p>Das \u201eBrot der W\u00fcste\u201c, jetzt auch bei uns am Limes erh\u00e4ltlich! Die Fr\u00fcchte wachsen auf der Palme. Und die Dattelpalme wiederum hat ihre Heimat in den Oasen am fernen Persischen Golf. \u00dcber Fernh\u00e4ndler gelangten die Fr\u00fcchte dann in alle r\u00f6mischen Provinzen. Getrocknet ist die Dattel eine herrliche, gesunde S\u00fc\u00dfigkeit und echte Vitaminbombe. Die Dattel ist, zusammen mit der Feige, aus der K\u00fcche der R\u00f6mer nicht wegzudenken. Mit Pienenkernen gef\u00fcllt und sodann in Fischsauce (Garum), Rotwein und Honig gesotten, kam sie als Nachtisch bei jedem guten Festgelage auf den Tisch. Man kann sich vorstellen, dass ab und zu, aber leider viel zu selten, auch den Germanen ein paar dieser delikaten W\u00fcstendatteln in die H\u00e4nde gefallen sind. Aber ob sie die Fr\u00fcchte dann auch in Fischbr\u00fche eingetunkt haben?<\/p>\n","protected":false},"excerpt":{"rendered":"<p>F\u00fcr die frische getrocknete Ware aus dem Persischen Golf betr\u00e4gt die Lieferzeit einige Wochen.<\/p>\n","protected":false},"featured_media":1834,"comment_status":"open","ping_status":"closed","template":"","meta":[],"product_brand":[],"product_cat":[79,25],"product_tag":[52,53,21,70],"class_list":{"0":"post-460","1":"product","2":"type-product","3":"status-publish","4":"has-post-thumbnail","6":"product_cat-dattel","7":"product_cat-obst","8":"product_tag-dattel","9":"product_tag-datteln","10":"product_tag-obst","11":"product_tag-roemer","13":"first","14":"instock","15":"taxable","16":"shipping-taxable","17":"purchasable","18":"product-type-simple"},"_links":{"self":[{"href":"https:\/\/bajuwaren-laden.de\/index.php?rest_route=\/wp\/v2\/product\/460","targetHints":{"allow":["GET"]}}],"collection":[{"href":"https:\/\/bajuwaren-laden.de\/index.php?rest_route=\/wp\/v2\/product"}],"about":[{"href":"https:\/\/bajuwaren-laden.de\/index.php?rest_route=\/wp\/v2\/types\/product"}],"replies":[{"embeddable":true,"href":"https:\/\/bajuwaren-laden.de\/index.php?rest_route=%2Fwp%2Fv2%2Fcomments&post=460"}],"wp:featuredmedia":[{"embeddable":true,"href":"https:\/\/bajuwaren-laden.de\/index.php?rest_route=\/wp\/v2\/media\/1834"}],"wp:attachment":[{"href":"https:\/\/bajuwaren-laden.de\/index.php?rest_route=%2Fwp%2Fv2%2Fmedia&parent=460"}],"wp:term":[{"taxonomy":"product_brand","embeddable":true,"href":"https:\/\/bajuwaren-laden.de\/index.php?rest_route=%2Fwp%2Fv2%2Fproduct_brand&post=460"},{"taxonomy":"product_cat","embeddable":true,"href":"https:\/\/bajuwaren-laden.de\/index.php?rest_route=%2Fwp%2Fv2%2Fproduct_cat&post=460"},{"taxonomy":"product_tag","embeddable":true,"href":"https:\/\/bajuwaren-laden.de\/index.php?rest_route=%2Fwp%2Fv2%2Fproduct_tag&post=460"}],"curies":[{"name":"wp","href":"https:\/\/api.w.org\/{rel}","templated":true}]}}