{"id":453,"date":"2019-09-11T08:25:43","date_gmt":"2019-09-11T08:25:43","guid":{"rendered":"http:\/\/bajuwaren-laden.de\/?post_type=product&#038;p=453"},"modified":"2022-02-04T14:04:14","modified_gmt":"2022-02-04T14:04:14","slug":"kohl","status":"publish","type":"product","link":"https:\/\/bajuwaren-laden.de\/?product=kohl","title":{"rendered":"Kohl (brassica)"},"content":{"rendered":"<p>Vom Kohl gibt es viele verschiedene Sorten: Blumenkohl und Kohlrabi, Rot- und Wei\u00dfkohl, Rosenkohl und Wirsing,&#8230; Sowohl die R\u00f6mer als auch die Germanen bauten Wirsing und Wei\u00dfkohl an. Die Kohlk\u00f6pfe verkochten sie dann zu deftigem Eintopf. Da Kohl entz\u00fcndungshemmend wirkt, nutzten die R\u00f6mer die Bl\u00e4tter als Wundverband bei Geschwulsten, Gicht und Furunkeln. Einige r\u00f6mische M\u00e4nner mit Glatze sollen sich Kohlbl\u00e4tter auf den Kopf gelegt haben, weil sie hofften, dass der Saft neue Haare hervorzaubern w\u00fcrde.<\/p>\n","protected":false},"excerpt":{"rendered":"<p>Vom Kohl gibt es viele verschiedene Sorten: Blumenkohl und Kohlrabi, Rot- und Wei\u00dfkohl, Rosenkohl und Wirsing,&#8230; Sowohl die R\u00f6mer als auch die Germanen bauten Wirsing und Wei\u00dfkohl an. Die Kohlk\u00f6pfe verkochten sie dann zu deftigem Eintopf. Da Kohl entz\u00fcndungshemmend wirkt, nutzten die R\u00f6mer die Bl\u00e4tter als Wundverband bei Geschwulsten, Gicht und Furunkeln. Einige r\u00f6mische M\u00e4nner [&hellip;]<\/p>\n","protected":false},"featured_media":1868,"comment_status":"open","ping_status":"closed","template":"","meta":[],"product_brand":[],"product_cat":[44],"product_tag":[46,48],"class_list":{"0":"post-453","1":"product","2":"type-product","3":"status-publish","4":"has-post-thumbnail","6":"product_cat-gemuese","7":"product_tag-gemuese","8":"product_tag-kohl","10":"first","11":"instock","12":"taxable","13":"shipping-taxable","14":"purchasable","15":"product-type-simple"},"_links":{"self":[{"href":"https:\/\/bajuwaren-laden.de\/index.php?rest_route=\/wp\/v2\/product\/453","targetHints":{"allow":["GET"]}}],"collection":[{"href":"https:\/\/bajuwaren-laden.de\/index.php?rest_route=\/wp\/v2\/product"}],"about":[{"href":"https:\/\/bajuwaren-laden.de\/index.php?rest_route=\/wp\/v2\/types\/product"}],"replies":[{"embeddable":true,"href":"https:\/\/bajuwaren-laden.de\/index.php?rest_route=%2Fwp%2Fv2%2Fcomments&post=453"}],"wp:featuredmedia":[{"embeddable":true,"href":"https:\/\/bajuwaren-laden.de\/index.php?rest_route=\/wp\/v2\/media\/1868"}],"wp:attachment":[{"href":"https:\/\/bajuwaren-laden.de\/index.php?rest_route=%2Fwp%2Fv2%2Fmedia&parent=453"}],"wp:term":[{"taxonomy":"product_brand","embeddable":true,"href":"https:\/\/bajuwaren-laden.de\/index.php?rest_route=%2Fwp%2Fv2%2Fproduct_brand&post=453"},{"taxonomy":"product_cat","embeddable":true,"href":"https:\/\/bajuwaren-laden.de\/index.php?rest_route=%2Fwp%2Fv2%2Fproduct_cat&post=453"},{"taxonomy":"product_tag","embeddable":true,"href":"https:\/\/bajuwaren-laden.de\/index.php?rest_route=%2Fwp%2Fv2%2Fproduct_tag&post=453"}],"curies":[{"name":"wp","href":"https:\/\/api.w.org\/{rel}","templated":true}]}}