{"id":313,"date":"2019-08-12T17:48:00","date_gmt":"2019-08-12T17:48:00","guid":{"rendered":"http:\/\/bajuwaren-laden.de\/?post_type=product&#038;p=313"},"modified":"2022-02-04T14:11:49","modified_gmt":"2022-02-04T14:11:49","slug":"weizen","status":"publish","type":"product","link":"https:\/\/bajuwaren-laden.de\/?product=weizen","title":{"rendered":"Nacktweizen (triticum)"},"content":{"rendered":"<p>Der Name \u201eWeizen\u201c leitet sich ab von der Farbe &#8222;Wei\u00df&#8220;. Und er ist &#8222;nackt&#8220;, weil die K\u00f6rner beim Dreschen von selbst aus den Spelzen fallen (bei anderen Getreidesorten kleben die K\u00f6rner in den Spelzen fest und m\u00fcssen m\u00fchevoll herausgel\u00f6st werden). Wei\u00df und ohne Spelzen &#8211; so soll gutes Mehl sein. Aus Weizenmehl lassen sich besonders feine Kuchen und helle Brote gebacken, die hoch aufgehen. Allerdings landeten diese fluffigen Delikatessen nur auf dem Tisch der Reichen, w\u00e4hrend die Armen schlapprigen Getreidebrei l\u00f6ffelten. Das war schon immer so, bei den alten \u00c4gyptern, den R\u00f6mern, bei den Menschen des Mittelalters, wo Weizenbrot als Festtagskost galt. Die R\u00f6mer haben den Weizen zwar \u00fcber die Alpen gebracht und einige Weizenfelder in der w\u00e4rmeren Rheingegend angelegt. Doch als sie abziehen mussten, fielen die Felder wieder brach. Die Germanen pflanzten den teuren Weizen selten. Sie hielten sich lieber an die weniger anspruchsvolle Gerste oder auch an Emmer (einer Urform des Weizens), aus denen sie sich grobe brotartige Fladen buken.<\/p>\n","protected":false},"excerpt":{"rendered":"<p>Der Name \u201eWeizen\u201c leitet sich ab von der Farbe &#8222;Wei\u00df&#8220;. Und er ist &#8222;nackt&#8220;, weil die K\u00f6rner beim Dreschen von selbst aus den Spelzen fallen (bei anderen Getreidesorten kleben die K\u00f6rner in den Spelzen fest und m\u00fcssen m\u00fchevoll herausgel\u00f6st werden). Wei\u00df und ohne Spelzen &#8211; so soll gutes Mehl sein. Aus Weizenmehl lassen sich besonders [&hellip;]<\/p>\n","protected":false},"featured_media":400,"comment_status":"open","ping_status":"closed","template":"","meta":[],"product_brand":[],"product_cat":[26],"product_tag":[69,68,39,73,70,42],"class_list":{"0":"post-313","1":"product","2":"type-product","3":"status-publish","4":"has-post-thumbnail","6":"product_cat-getreide","7":"product_tag-brei","8":"product_tag-brot","9":"product_tag-getreide","10":"product_tag-mehl","11":"product_tag-roemer","12":"product_tag-weizen","14":"first","15":"instock","16":"downloadable","17":"virtual","18":"taxable","19":"purchasable","20":"product-type-simple"},"_links":{"self":[{"href":"https:\/\/bajuwaren-laden.de\/index.php?rest_route=\/wp\/v2\/product\/313","targetHints":{"allow":["GET"]}}],"collection":[{"href":"https:\/\/bajuwaren-laden.de\/index.php?rest_route=\/wp\/v2\/product"}],"about":[{"href":"https:\/\/bajuwaren-laden.de\/index.php?rest_route=\/wp\/v2\/types\/product"}],"replies":[{"embeddable":true,"href":"https:\/\/bajuwaren-laden.de\/index.php?rest_route=%2Fwp%2Fv2%2Fcomments&post=313"}],"wp:featuredmedia":[{"embeddable":true,"href":"https:\/\/bajuwaren-laden.de\/index.php?rest_route=\/wp\/v2\/media\/400"}],"wp:attachment":[{"href":"https:\/\/bajuwaren-laden.de\/index.php?rest_route=%2Fwp%2Fv2%2Fmedia&parent=313"}],"wp:term":[{"taxonomy":"product_brand","embeddable":true,"href":"https:\/\/bajuwaren-laden.de\/index.php?rest_route=%2Fwp%2Fv2%2Fproduct_brand&post=313"},{"taxonomy":"product_cat","embeddable":true,"href":"https:\/\/bajuwaren-laden.de\/index.php?rest_route=%2Fwp%2Fv2%2Fproduct_cat&post=313"},{"taxonomy":"product_tag","embeddable":true,"href":"https:\/\/bajuwaren-laden.de\/index.php?rest_route=%2Fwp%2Fv2%2Fproduct_tag&post=313"}],"curies":[{"name":"wp","href":"https:\/\/api.w.org\/{rel}","templated":true}]}}